vide 30374708?
True
Does 1541 divide 410091048?
False
Is 2268 a factor of 10741248?
True
Is 1850 a factor of 789578150?
True
Does 2355 divide 44695314?
False
Is 3188 a factor of 94022213?
False
Is 5 a factor of 21418305?
True
Is 5 a factor of 369688213?
False
Does 694 divide 745088116?
True
Is 172 a factor of 611356456?
True
Is 73 a factor of 12519065?
False
Is 23 a factor of 244725636?
False
Is 71 a factor of 135835212?
True
Does 16 divide 1412016?
True
Does 1171 divide 43377353?
True
Is 345279060 a multiple of 7?
True
Does 2824 divide 1367842878?
False
Is 3885693848 a multiple of 476?
False
Is 282 a factor of 55755066?
True
Is 1068122248 a multiple of 569?
True
Is 599878267 even?
False
Does 91 divide 130630227?
True
Is 147892709 a multiple of 1307?
False
Is 72 a factor of 6119328360?
False
Does 249 divide 886888054?
False
Is 85 a factor of 2273706219?
False
Is 284677266 a multiple of 6?
True
Is 14737086 a multiple of 21?
True
Is 60766737 a multiple of 213?
False
Is 320424265 a multiple of 1057?
True
Is 188 a factor of 32829500?
True
Is 419 a factor of 8857241?
True
Does 3 divide 2353954230?
True
Is 1386645274 a multiple of 5432?
False
Is 6593964 a multiple of 35?
False
Is 2554 a factor of 107831355?
False
Is 11 a factor of 19834543?
False
Does 118 divide 78683838?
False
Does 171 divide 231274422?
True
Is 40 a factor of 289034679?
False
Is 700342627 a multiple of 61?
False
Is 35293624 a multiple of 1800?
False
Is 8911716 a multiple of 15?
False
Does 2058 divide 63417862?
False
Is 1667229999 a multiple of 13?
False
Does 223 divide 254712348?
False
Does 23 divide 198830607?
True
Is 267317912 a multiple of 19?
False
Does 244 divide 1450739?
False
Is 4 a factor of 9032195?
False
Is 88162938 a multiple of 9?
True
Does 20 divide 4890900?
True
Is 70 a factor of 71854936?
False
Does 2 divide 90250324?
True
Is 1185 a factor of 302929845?
True
Is 38 a factor of 5852676?
False
Is 60009840 a multiple of 440?
True
Is 74 a factor of 247285652?
True
Is 291178935 a multiple of 699?
True
Is 59082650 a multiple of 355?
True
Does 26 divide 318830025?
False
Is 446787504 a multiple of 36?
True
Is 1603455552 a multiple of 576?
True
Does 15 divide 1253730?
True
Is 45202056 a multiple of 63?
False
Is 17851304 a multiple of 4?
True
Does 9 divide 139400226?
True
Does 10 divide 61516005?
False
Does 258 divide 621711114?
True
Is 37984695 a multiple of 235?
True
Is 294767176 a multiple of 11?
True
Is 1105 a factor of 36120403?
False
Does 123 divide 46467309?
True
Does 41 divide 1768084?
True
Does 986 divide 4101998?
False
Is 18 a factor of 1185567?
False
Does 1085 divide 239125320?
True
Does 864 divide 557216928?
True
Is 1815 a factor of 36700372?
False
Is 118852583 a multiple of 108?
False
Is 11 a factor of 44736747?
True
Is 239379470 a multiple of 1570?
True
Is 7474894 a multiple of 126?
False
Is 37099860 a multiple of 72?
False
Does 144 divide 70754144?
False
Is 1277850843 a multiple of 1588?
False
Is 47958975 a multiple of 1075?
True
Does 3 divide 7171206?
True
Is 3088 a factor of 241627904?
False
Does 247 divide 495575119?
True
Is 33 a factor of 8714706?
True
Is 152244600 a multiple of 1787?
False
Does 2776 divide 1115974208?
True
Is 1231 a factor of 91486689?
True
Does 7 divide 114935736?
False
Is 208435440 a multiple of 80?
True
Does 53 divide 39042874?
True
Is 188722310 a multiple of 273?
False
Does 8 divide 47656109?
False
Is 363 a factor of 1897401?
True
Does 37 divide 246807789?
False
Is 66 a factor of 35457762?
False
Is 1505238963 a multiple of 141?
False
Is 139 a factor of 10146722?
True
Is 46180340 a multiple of 265?
False
Is 38933853 a multiple of 2?
False
Is 29356349 a multiple of 253?
True
Is 1598 a factor of 15980745?
False
Does 30 divide 122784600?
True
Is 448 a factor of 146455680?
True
Is 3 a factor of 300761919?
True
Is 255735340 a multiple of 4060?
True
Is 5969987540 a multiple of 6655?
True
Does 88 divide 2671454?
False
Is 105 a factor of 1066520790?
False
Is 389 a factor of 67103560?
False
Does 4154 divide 831132320?
True
Is 12 a factor of 51897156?
True
Is 72021195 a multiple of 1115?
True
Is 3 a factor of 1634939897?
False
Is 569 a factor of 373149062?
True
Does 3458 divide 29873662?
True
Does 106 divide 40573302?
True
Does 14 divide 603639484?
True
Is 17 a factor of 236952957?
False
Is 34349314 a multiple of 394?
True
Is 336106223 a multiple of 5082?
False
Does 1261 divide 44385045?
False
Is 2083621680 a multiple of 20?
True
Is 30477798 a multiple of 39?
True
Does 132 divide 13763346?
False
Is 960 a factor of 3475420511?
False
Does 112 divide 111060096?
True
Is 10 a factor of 11524271?
False
Does 6 divide 901859154?
True
Is 21 a factor of 2023809607?
False
Is 631 a factor of 594046649?
False
Does 101 divide 10293701?
False
Is 1020 a factor of 14904240?
True
Is 1508 a factor of 35846984?
False
Is 300337689 a multiple of 1681?
False
Is 12392078 a multiple of 13?
False
Is 417331707 a multiple of 381?
False
Is 89 a factor of 136456806?
False
Is 378 a factor of 431021432?
False
Is 443832244 a multiple of 1276?
False
Is 123 a factor of 284045991?
True
Is 494085075 a multiple of 165?
True
Is 35589321 a multiple of 41?
False
Is 16 a factor of 126258544?
True
Is 883 a factor of 160934697?
True
Is 181342077 a multiple of 21?
True
Is 219 a factor of 28779885?
True
Is 819237662 a multiple of 169?
False
Is 33224645 a multiple of 4721?
False
Does 58 divide 272856244?
True
Is 6544 a factor of 503461577?
False
Does 458 divide 19666520?
True
Is 101564285 a multiple of 31?
False
Is 665994084 a multiple of 4?
True
Is 60484611 a multiple of 11?
True
Is 528473352 a multiple of 132?
True
Does 6 divide 508565886?
True
Is 2492280 a multiple of 1035?
True
Is 12 a factor of 153038858?
False
Is 64 a factor of 2843264?
True
Is 4 a factor of 40328878?
False
Is 144 a factor of 37708848?
True
Is 18 a factor of 408915559?
False
Does 20 divide 2805859179?
False
Is 274148744 a multiple of 291?
False
Does 598 divide 129779156?
True
Does 3051 divide 524839122?
True
Is 18 a factor of 129175524?
True
Does 2722 divide 552612380?
False
Does 553 divide 3115061990?
False
Does 13 divide 13906984?
True
Is 17 a factor of 7492580?
True
Is 1765 a factor of 1921383348?
False
Is 10649 a factor of 173193130?
False
Is 734 a factor of 164635750?
False
Is 60218000 a multiple of 24?
False
Is 242470528 a multiple of 1340?
False
Is 11506000 a multiple of 880?
True
Is 3626829701 a multiple of 10783?
True
Does 173 divide 23970759?
False
Does 699 divide 1181155957?
False
Does 38 divide 40972056?
True
Is 214504158 a multiple of 64?
False
Does 37 divide 28405273?
False
Is 178 a factor of 3329812180?
True
Does 115 divide 24393354?
False
Does 2820 divide 309023622?
False
Does 15 divide 1894372545?
True
Is 99 a factor of 652928859?
True
Does 12 divide 76475124?
True
Is 8246598 a multiple of 95?
False
Is 46 a factor of 231140911?
False
Is 1427 a factor of 127105744?
True
Is 22 a factor of 45201222?
True
Is 183952185 a multiple of 66?
False
Does 16 divide 120984977?
False
Does 12 divide 5317117068?
True
Does 13 divide 259197294?
False
Does 209 divide 239995536?
True
Is 1936 a factor of 599370410?
False
Does 7 divide 103605236?
True
Does 682 divide 787280429?
False
Does 178 divide 106112815?
False
Does 578 divide 378028829?
False
Does 5730 divide 1475641170?
True
Is 14455935 a multiple of 27?
True
Is 10 a factor of 41002070?
True
Is 28224814 a multiple of 270?
False
Is 11489544 a multiple of 433?
False
Is 559323589 a multiple of 22?
False
Is 70 a factor of 86697518?
False
Is 173411728 a multiple of 5411?
True
Does 167 divide 15426792?
True
Does 17 divide 4035769?
False
Is 64 a factor of 60411738?
False
Is 2 a factor of 270187271?
False
Is 133 a factor of 118364799?
False
Is 13 a factor of 1533870?
True
Does 29 divide 421957946?
True
Is 8517234 a multiple of 22?
True
Is 84497958 a multiple of 70?
False
Is 64823868 a multiple of 27?
True
Is 2 a factor of 5104590?
True
Is 622 a factor of 573579262?
False
Is 3760 a factor of 454662960?
True
Is 248987742 a multiple of 874?
True
Does 464 divide 18495953?
False
Is 12 a factor of 155646084?
True
Does 1692 divide 99116299?
False
Does 59 divide 273474322?
True
Does 9 divide 2728937295?
True
Does 11 divide 339059974?
True
Is 23018660 a multiple of 6?
False
Is 185 a